-2468 + f. Is t prime?
False
Let p(b) be the first derivative of 7*b**3/3 + b**2 + 4. Let c be p(-1). Suppose -c*l - v + 320 = 0, -330 = -5*l - 0*v + v. Is l a composite number?
True
Suppose -5*k = 1756 - 4551. Suppose 3*v - 549 = -3*x, -3*x + v - 6*v = -k. Is x a composite number?
True
Let h(p) = -2*p**3 + 52*p**2 - 31*p + 33. Is h(22) a composite number?
True
Let x = 16579 + 7210. Is x a composite number?
False
Let m(t) be the second derivative of t**5/20 - t**4/12 - t**3/6 + 3651*t**2/2 - 17*t. Is m(0) a prime number?
False
Is (-7)/14 + (1386/(-4))/(-3) a prime number?
False
Suppose 4*g + 15 = 4*z + 159, 15 = -3*z. Let p = 36 - g. Suppose 0 = -p*j + m + 180, 0*m + 138 = 4*j - 2*m. Is j composite?
False
Suppose -363345 = -24*s + 156183. Is s a composite number?
False
Let c(j) = 432*j + 647. Is c(9) a prime number?
False
Suppose k + k = -5*h + 23697, -9466 = -2*h - 4*k. Is h a composite number?
True
Let r = 229 - -94. Suppose -r = -q - 4*b, 6*b - b = -2*q + 658. Is q a prime number?
False
Let y(k) = k**3 + 4*k**2 - 4*k - 1. Let z be y(-5). Let u = 9 + z. Suppose -u*n + 481 + 1412 = 0. Is n composite?
False
Let u(c) = 6*c + 19. Let n be (64/(-28))/(4/(-14)). Is u(n) a composite number?
False
Suppose -31*n + 4*n = -84429. Is n composite?
True
Suppose -z + 4*k + 2 = 0, 5*z = -3*k + 4*k + 10. Is ((-1)/z)/(9/(-9738)) a prime number?
True
Suppose 0 = -28*u + 160602 + 143114. Is u prime?
True
Let a be -3 + 1089 - 1*-5. Let q = a - 346. Is q a composite number?
True
Suppose -8*r + 508863 = 21*r. Is r a prime number?
False
Is 10390 + (0 - 7 - -8) composite?
False
Suppose -12*g = -1525 - 8003. Is g composite?
True
Let z(w) = 19*w**2 - 31*w + 548. Is z(-34) a prime number?
False
Suppose 4*m = 3 + 9. Suppose -5*o = 2*c - 589, -946 = m*c - 6*c + 5*o. Is c a composite number?
False
Let s = -47 - -68. Suppose 4*z = 3*j - 564, -s + 209 = j - 3*z. Suppose v = 3*y + j, 4*v - 386 = 2*v - 4*y. Is v a prime number?
True
Is 3333/165*(-1 + 56) a prime number?
False
Let u = -42987 - -67760. Is u a composite number?
True
Let g = -238 - -122. Let p = 393 - g. Is p a composite number?
False
Let j = 8 + -8. Suppose -v + 4*v + 1707 = j. Let p = -304 - v. Is p composite?
True
Suppose -b = -4*b + 12. Let f = -293 + 295. Suppose -f*s + i - 6*i + 483 = 0, -3*s = -b*i - 782. Is s composite?
True
Is (-4)/(-6)*(-302355)/(-30) composite?
False
Let a(l) = -l**3 + 15*l**2 + 23*l - 15. Suppose -8 = o + 2*n, 5*o - 2*n + 4 + 0 = 0. Let j be ((-16)/1)/(o/2). Is a(j) composite?
False
Is 1629238/(-78)*(-3 - 0) a composite number?
True
Let j be ((-4)/3)/(8/(-18)). Let c = 4 + j. Is (-298)/(-1)*c/2 a prime number?
False
Let p be (-2 + 2)*4/(-24)*3. Suppose 2*j - 4*g + 2*g - 4574 = p, 2*g - 4574 = -2*j. Is j prime?
True
Let i(h) = -33*h - 56. Is i(-35) a composite number?
True
Let a be (3 - (-51)/(-15))/(1/(-1645)). Let y = a + 813. Is y a prime number?
True
Let c = 35 + -71. Let p be c/(-27)*(-6)/(-4). Is ((-4)/(-8))/(p/4564) a composite number?
True
Suppose -752 = -5*t - 8222. Let u = t + 3149. Suppose -1601 = -8*f + u. Is f a prime number?
False
Suppose 5*x + 1025 + 638 = l, 0 = -l - x + 1693. Let v be (-24)/16*l/(-6). Suppose -21*a + 23*a = v. Is a a prime number?
True
Is 0 - -25802 - (102 + -93) a prime number?
True
Let u(w) = -w - 4. Let v be u(3). Let r = 7 - v. Is r composite?
True
Let u = 250 - 1003. Let o = -637 - 443. Let n = u - o. Is n a composite number?
True
Let g = 14 + -11. Suppose 4*j - 6851 = -5*c, -g*c = 2*j - j - 4112. Is c prime?
False
Suppose 2*r - 12882 = -4*j, 0*j = 4*j + 5*r - 12867. Is j prime?
False
Suppose 4*y - y = -5826. Let r = 2875 + y. Suppose 6*t - 9*t = -r. Is t prime?
True
Let v(o) = -6*o + o - 1554 + 1513 + 79*o**2. Is v(-7) prime?
False
Let q be ((-336)/6)/(-4)*(-7 + -1). Let o = q - -181. Is o prime?
False
Is (100/200)/((-3)/3753522*-3) prime?
True
Suppose 2*y = -5*d + 47999, 0 = d + 2*y - 3127 - 6468. Is d a composite number?
False
Let o(k) = 17*k - 37. Suppose -3*i + i = 5*s - 71, -4*s = -2*i + 62. Let y = i - 17. Is o(y) a composite number?
True
Suppose 6*r - 65655 = -39*r. Is r a prime number?
True
Let b(j) = 0*j**2 + 4*j**2 - 19 - 2*j**2 + 0*j**2. Is b(13) composite?
True
Suppose -6383 = -2*i + 7575. Is i prime?
False
Let f(u) = 2*u**2 - 10*u + 12. Let a be f(10). Suppose -10*d + a = -8*d. Let w = d - 23. Is w a prime number?
False
Let c(i) = 2*i + 2. Let r(h) = -h - 1. Let y(x) = -c(x) - r(x). Let t be y(-6). Suppose 0 = -5*d - t*g + 2325, 1848 = 4*d - 3*g + g. Is d a composite number?
False
Let h be 2/3 - (4/6 - -2). Is 0 + 4 - (h + -551) a composite number?
False
Let k(v) be the second derivative of -v**4/12 - v**3/6 - 2*v**2 - 4*v. Let u be k(0). Is -4*((-209)/u)/(-1) composite?
True
Let t(r) = -7*r**3 - 3*r**2 + 7. Let a(s) = s**3 - 1. Let q(x) = -6*a(x) - t(x). Let g be q(-2). Suppose -2029 = -g*n + j, -j = -5*n + j + 3381. Is n composite?
False
Suppose -14*l + 18*l - 1832 = 0. Suppose 6*t - 2*t - 7904 = 0. Suppose -6*d + t = l. Is d prime?
False
Suppose -5*l + 20920 = -5*b, -l + 12546 = -3*b - 4*l. Let y = -2294 - b. Is y prime?
True
Suppose -4 = -2*j - 2*h, 0*h + 6 = 3*h. Is j/4 - (1 + -452) composite?
True
Suppose -91*z - 75177 = -100*z. Is z composite?
False
Suppose -4412 = 3*w - s, s = 3*w - s + 4414. Suppose -3*i - 30 = 2*i. Is w/(-22) + i/(-33) prime?
True
Let x(o) = 13*o**2 + 30*o + 3. Let c(z) = -9*z**2 - 20*z - 2. Let d(j) = 7*c(j) + 5*x(j). Suppose 0 = 2*l - 4*s - 2, -4*l = l - 5*s - 25. Is d(l) composite?
True
Let b = -31 + 25. Let s(y) = -477*y - 1. Is s(b) a prime number?
True
Is 2 + -1 + 1903 + -15 composite?
False
Let b be 386 - (2 - 5) - 2. Suppose -3*w + 570 = -8*d + 5*d, -5*d + b = 2*w. Is w a composite number?
False
Suppose 0 = -5*k - 2*y + 1494, k - 3*k = 2*y - 600. Is k a composite number?
True
Let x = -14 - -16. Suppose -2*n = -4 + x. Is (1/(-1))/(n/(-187)) composite?
True
Let u(g) = g**2 + g - 96. Let p be u(0). Let z = -61 - p. Is z prime?
False
Let x(j) = -j**2 + 5*j + 2. Let l be x(4). Let m be (-15)/5*16/l. Let n = 119 - m. Is n a composite number?
False
Suppose 0*s = s - 4. Suppose -3*i = -s*i + 2. Is i prime?
True
Suppose 25937 = 4*o - 5*q, -2*o + q = -0*q - 12967. Is o a composite number?
True
Let z = -91 - -175. Let q = 127 - z. Is q a composite number?
False
Let u(j) = 2 + 5 - 3 - 2 + 26*j. Let m(n) = -n + 2. Let v be m(-2). Is u(v) a prime number?
False
Suppose 2*n + 2719 = p + 4*p, p + n - 548 = 0. Let l = p - 43. Is l a composite number?
True
Let y = -57 + 57. Is (y - 178)/(-1 - 18/(-22)) composite?
True
Let q be (-3)/(15/20) + 10. Let d be (-7 - -4) + q + 0. Suppose 0 = r - 3*r - 5*m + 629, -d*r + m + 918 = 0. Is r prime?
True
Suppose 4*h - 328 = -4*h. Let u be 956/6*3/2. Suppose 4*x - 3*q - u = 0, 33 = x + 4*q - h. Is x prime?
False
Let h(u) = u. Let g be h(-4). Is (-3)/(g/((-1348)/(-3))) composite?
False
Let n = 36871 - 20384. Is n prime?
True
Is (3 - -570)/(5 + -4) prime?
False
Let p(t) = 410*t - 4. Let v = 63 - 60. Is p(v) a prime number?
False
Let o(s) = 37*s**2 - 27*s + 77. Is o(15) prime?
False
Let h be 90/(-21) + (-2)/(-7). Let x(c) = -c**2 - 4*c + 3. Let q be x(h). Suppose -254 = -q*t + 319. Is t prime?
True
Suppose 0 = -2*n + n + 752. Suppose 3*g - 1321 = n. Is g a prime number?
True
Suppose 105072 = 33*a - 26367. Is a a prime number?
False
Let u(i) = -1366*i**3 + 2*i**2 + 3*i + 1. Let z be u(-1). Let g be 5/(-2)*(3 + -5). Suppose 499 = g*d - z. Is d composite?
False
Suppose -x + l + 0*l = -14, x = -4*l - 6. Suppose 8024 + 5346 = x*w. Is w composite?
True
Let g(z) = -2*z - 2. Let n be g(-3). Let a be (n/12)/(1/3). Let f(b) = 107*b**2 + b - 2. Is f(a) prime?
False
Suppose -2960 = x - 6*x - 3*t, 615 = x - 4*t. Suppose 2892 + x = a. Is a a prime number?
False
Let x(w) = 2*w**2 + 2*w + 1. Let g be x(-5). Let l = 63 - g. Is 4/22 - (-722)/l prime?
False
Let q be 3/1 - (-1 - 0). Suppose 2*o + 25 - 3 = -3*j, 5*o + 34 = -q*j. Is -2*(-1 - (-99)/j) a composite number?
True
Let b = 12220 - -1615. Is b a prime number?
False
Let j be (12/(-5))/((-2)/5). Suppose 3*r = 5*r - j. Suppose r*u - 2332 = -u. Is u composite?
True
Let x = 54387 + -13274. Is x composite?
False
Let u be (0 - 6 - -4) + 2. Suppose 3*y - 152 - 73 = u. Suppose -5*a + y = -215. Is a composite?
True
Let t(d) be the first derivative of d